c) = c**2 + 8*c + 7. Let u be p(-7). Suppose 3*n + 3*l = -u*l + 27, l = 5*n - 45. What is the highest common factor of n and 6?
3
Let g(o) = 8*o**3 - 2*o**2 + 3*o - 2. Let f be g(2). Calculate the highest common divisor of 12 and f.
12
Let w = -28 + 32. What is the highest common factor of w and 4?
4
Let x(l) = -l**3 - l**2 - l + 4. Let c be x(0). Suppose c*h = -h + 115. Let a be 2 + h + -2 + 1. Calculate the highest common divisor of 12 and a.
12
Suppose 12 = -2*q + 4*v - 0, -4*v + 18 = -5*q. Let k = 6 + q. Suppose k*z - 63 = -11. Calculate the greatest common factor of z and 13.
13
Let z(u) = -u + 11. Let r be z(6). What is the greatest common divisor of r and 45?
5
Let y(o) = o**2 - 7*o - 12. Let c be y(9). What is the greatest common factor of 12 and c?
6
Let t(m) = m**2 + 13*m + 24. Let u be t(-13). Calculate the highest common factor of 24 and u.
24
Let j(f) = f**3 + 13*f**2 + 11*f - 1. Let q be j(-12). Calculate the highest common divisor of 143 and q.
11
Suppose 4*o - 13 = -2*r + 13, 29 = o + 5*r. What is the highest common factor of o and 28?
4
Let x be (-2)/(-3) - (-365)/15. Let s be (12/1)/3 + 2. Let b be 38/4 - s/(-12). Calculate the highest common factor of x and b.
5
Suppose 5*k - f = -0*f + 77, f - 67 = -4*k. Calculate the greatest common divisor of 4 and k.
4
Suppose -8*h + 12*h + 16 = o, 5*o - 2*h - 62 = 0. Calculate the greatest common divisor of 12 and o.
12
Suppose -27 = 13*o - 157. Suppose -5*f = -2*t + 102, -3*f - 91 + 28 = -3*t. Let a be (18/1)/((-6)/f). Calculate the highest common divisor of o and a.
10
Let u(n) = 17*n**3 - 2*n + 1. Let m be u(1). Suppose 2*o + 13 - 3 = 0, 3*a = -o + 1. Calculate the greatest common divisor of m and a.
2
Let x(b) = -b**3 - 10*b**2 - 11*b - 10. Let l be x(-9). Suppose 0*j = j - l. What is the greatest common divisor of j and 40?
8
Let o be -4 + 2*(27 + -3). Calculate the highest common factor of 4 and o.
4
Let j be 1/(3/(74 - 2)). Let b(p) = p**3 - 4*p**2 + 2*p + 4. Let w be b(4). Calculate the highest common factor of w and j.
12
Let a(b) = -23*b**2 + 1. Let n be a(1). Let u be -2*n/4 - -1. Calculate the greatest common factor of u and 30.
6
Let p(z) = -4*z**2 - z**3 - 3*z + 9*z - 1 - z**2. Let k be p(-6). Let u be (k - 1/3)*-66. Calculate the highest common factor of u and 11.
11
Let r be (-26)/(-3) + (-3)/(-9). Calculate the greatest common divisor of 18 and r.
9
Suppose 0 = -4*r - 2 + 10. Suppose l - r = -l. Suppose 3*k - 22 = -j - 4*j, 4*k - 40 = 4*j. Calculate the highest common factor of l and k.
1
Suppose 0 = -l - 2*v + 5, 0*l + 3*l - 2*v - 15 = 0. Suppose -287 = -l*w + 263. What is the greatest common factor of w and 44?
22
Suppose -3*p - 16 = -2*a, 25 + 35 = 4*a + p. Let y be (5*2)/(7/a). Let x = -15 - -25. What is the greatest common factor of y and x?
10
Let o = 137 - 127. Let x be (-42 + 2)/(-2 + 1). What is the greatest common factor of o and x?
10
Let u be (-7)/(-4) - (-3)/12. Let d be ((-4)/(-5))/(4/80). What is the highest common factor of u and d?
2
Suppose 3*b = -124 + 1042. Calculate the greatest common divisor of b and 34.
34
Let w(y) = y**3 + 4*y**2 - 9*y - 9. Let q be w(-6). Let z = q + 41. Let f be 85/3 - 2/6. Calculate the highest common divisor of f and z.
14
Suppose 0 = -0*n - 2*n + 6. Let p = n - 1. Let l = 5 - -17. What is the highest common divisor of p and l?
2
Let y = 0 - -1. Let p(c) = c**2 + 13*c + 7. Let v be p(-13). Calculate the greatest common divisor of y and v.
1
Let r(z) be the second derivative of 5*z**3/2 - 3*z**2/2 - 2*z. Let v be r(2). Calculate the greatest common factor of v and 18.
9
Let l be 2 + (-294)/(-3) + -1. What is the greatest common divisor of l and 9?
9
Let a = 18 + -14. Suppose 21 = a*s - 7. What is the greatest common divisor of 21 and s?
7
Let v be (19 + -7)*(-1)/(-2). What is the highest common divisor of v and 6?
6
Let p(q) = -125*q + 1. Let u be p(-1). Let w(v) = -v**3 - 4*v**2 - 3*v + 2. Let c be w(-4). What is the highest common divisor of c and u?
14
Let h(l) = 2*l**2 - 6*l + 1. Let o be h(4). Let r be 3/2*2/(-1). Let j = -2 - r. Calculate the highest common divisor of j and o.
1
Let r = 66 + -18. Calculate the highest common factor of 24 and r.
24
Let q = -23 - -28. Calculate the greatest common divisor of 50 and q.
5
Suppose -52 = -4*a + 5*r, -3*r - 2*r + 52 = 4*a. Calculate the highest common factor of 13 and a.
13
Let y(r) = 73*r**2 - 2*r + 1. Let o be y(1). Let n be (-4)/(-1 + -3)*-19. Let j = -11 - n. Calculate the highest common factor of j and o.
8
Suppose 2*f - 1200 = -2*f - 4*n, 0 = 4*f - n - 1185. What is the greatest common factor of f and 33?
33
Let j = 38 - 28. What is the greatest common factor of j and 90?
10
Let b be -9*(24/9 - 3). Suppose b*a - 156 = 3*v, a + 2*v - 51 = -11. Let s = 8 + 4. Calculate the greatest common divisor of s and a.
12
Let b = -26 + 47. Let j = b - 15. What is the greatest common factor of 15 and j?
3
Suppose -d - 2 = -5, 4*j - 126 = -2*d. Calculate the highest common factor of 10 and j.
10
Suppose -5*b + 3*p + 389 = -552, 3*p = 2*b - 380. What is the greatest common factor of 17 and b?
17
Let x(w) = 5*w**2 - 15*w + 38. Let y be x(6). What is the greatest common factor of 16 and y?
16
Let k be 6/(-27) - 74/(-9). Let y = 70 + -35. Suppose 4*v - 13 = y. Calculate the highest common factor of k and v.
4
Let l be 3 - -2*(-1)/(-2). Suppose 0 = -3*h + 8 + l, 2*w + h = 22. Let s be 2/w - 183/(-27). Calculate the highest common factor of 14 and s.
7
Let q(z) = 3*z**2 - 8 - 2*z**2 + 30. Let s be q(0). Suppose -5*l = -l - 44. Calculate the greatest common divisor of s and l.
11
Suppose 0 = 4*h + 1 - 9. Let p = h - 0. Calculate the highest common factor of 8 and p.
2
Let t(p) = -p + 9. Let a be t(5). Let h(s) = -s + 5. Let v be h(5). Suppose 3*u - 36 = -v*u. Calculate the greatest common divisor of a and u.
4
Let i(x) = 59*x**3 + 2*x - 1. Let s be i(1). What is the greatest common factor of s and 40?
20
Suppose -7 = p - 10. Calculate the greatest common divisor of 27 and p.
3
Let w be 9 + 4 - (6 + -3). Let b be (8/w)/(3/30). Let z(i) = 2*i - 1. Let j be z(1). What is the greatest common divisor of j and b?
1
Let x = 9 - -5. Calculate the highest common factor of x and 42.
14
Let c be 27/3 + 2 + -2. Let t = c - -5. What is the greatest common factor of 14 and t?
14
Let f(s) = -s**3 + 4*s + 2. Let o be f(-3). Let q be (-9)/(1 - 56/54). Suppose -12 = -5*h + q. What is the highest common factor of h and o?
17
Suppose -130 + 2 = -t. What is the highest common divisor of 16 and t?
16
Suppose -5*z + 2*c = 58, -2*z + 4*c + 16 = -3*z. Let l = -7 - z. Suppose l*x = 3*x + 22. What is the greatest common factor of 22 and x?
11
Let r = 16 - 16. Suppose -13 = -5*k - f, 5*k + 2 = -r*k + 4*f. Let o(z) = z**2 - 2*z - 6. Let h be o(6). Calculate the highest common divisor of k and h.
2
Let f(t) = -3*t**2 - 2*t - 1. Let z be f(-2). Let y = z - -40. What is the highest common factor of 31 and y?
31
Let z be 1/((6/3)/(-2)). Let g = z - -21. Let x = 25 + g. What is the highest common divisor of 9 and x?
9
Let m be -8*(0 - (-27)/12). Let v = m - -36. What is the highest common divisor of 9 and v?
9
Let d(s) be the second derivative of s**5/20 + s**4/2 - 2*s**3/3 - s**2/2 + s. Let i be d(-6). What is the greatest common factor of i and 115?
23
Let z be 4/12*1*3. Let r = 3 + z. Let k(s) = 9*s**2. Let b be k(2). Calculate the highest common factor of b and r.
4
Suppose 25 = 2*x + 3*x. Suppose -x*w = -4 - 1. Let f be (w/2)/(1/22). What is the greatest common divisor of 121 and f?
11
Let g(t) = -t**3 + 7*t**2 + t + 1. Let i be g(7). Suppose -2*v = -4*n + 16, 2*n + v + 3*v = i. What is the greatest common divisor of 36 and n?
4
Suppose 28*p - 33*p + 150 = 0. Calculate the greatest common factor of p and 330.
30
Let d = -50 + 122. What is the highest common factor of 36 and d?
36
Suppose -3*y = -5*l + 9, -5*y = 5*l + 8 + 7. Suppose -2*w - w = l. Let s = w - -11. What is the greatest common factor of s and 22?
11
Suppose -3 - 1 = -2*z. What is the greatest common factor of z and 2?
2
Let n(a) = -4*a**2 - 3*a - 1. Let d be n(-2). Let j be (-6)/36 - (-103)/6. Let x = j + d. Calculate the greatest common factor of 4 and x.
2
Let d be (-8)/6*(-6)/4. Suppose -p + 5 = -d*p. Let q be -33*(p + 1 + 1). What is the greatest co